{"id":565,"date":"2022-05-26T16:30:37","date_gmt":"2022-05-26T16:30:37","guid":{"rendered":"https:\/\/www.areeproadattive.polimi.it\/?page_id=565"},"modified":"2022-05-27T06:27:41","modified_gmt":"2022-05-27T06:27:41","slug":"pero-2030-materiali-del-percorso-collaborativo","status":"publish","type":"page","link":"https:\/\/www.areeproadattive.polimi.it\/?page_id=565","title":{"rendered":"Pero 2030 &#8211; materiali del percorso collaborativo"},"content":{"rendered":"\n<figure class=\"wp-block-image size-large\"><img loading=\"lazy\" decoding=\"async\" width=\"1024\" height=\"194\" src=\"https:\/\/www.areeproadattive.polimi.it\/wp-content\/uploads\/2022\/02\/banner-Pero2030-1024x194.png\" alt=\"\" class=\"wp-image-382\" srcset=\"https:\/\/www.areeproadattive.polimi.it\/wp-content\/uploads\/2022\/02\/banner-Pero2030-1024x194.png 1024w, https:\/\/www.areeproadattive.polimi.it\/wp-content\/uploads\/2022\/02\/banner-Pero2030-300x57.png 300w, https:\/\/www.areeproadattive.polimi.it\/wp-content\/uploads\/2022\/02\/banner-Pero2030-768x145.png 768w, https:\/\/www.areeproadattive.polimi.it\/wp-content\/uploads\/2022\/02\/banner-Pero2030.png 1460w\" sizes=\"auto, (max-width: 706px) 89vw, (max-width: 767px) 82vw, 740px\" \/><\/figure>\n\n\n\n<p>Qui raccogliamo i materiali del percorso partecipativo <em>Pero 2030 &#8211; Aree produttive Aree Proadattive<\/em> svoltosi tra febbraio e aprile 2022. <em>Al momento questa pagina \u00e8 solo ad uso interno dei partecipanti al percorso e verr\u00e0 resa pubblica a termine dei lavori.<\/em><\/p>\n\n\n\n<p><strong>Workshop 1 <\/strong>(2 febbraio 2022):<strong> Co-progettazione<\/strong> <strong>delle soluzioni di sostenibilit\u00e0 e resilienza<\/strong> [ <a href=\"https:\/\/www.areeproadattive.polimi.it\/wp-content\/uploads\/2022\/05\/20220202_Pero2030_WS1_Report-sintetico.pdf\">Report<\/a> | <a href=\"https:\/\/www.areeproadattive.polimi.it\/wp-content\/uploads\/2022\/05\/20220202_Pero2030_WS1_slide-Polimi.pdf\">Slide Polimi<\/a>  | <a href=\"https:\/\/www.areeproadattive.polimi.it\/wp-content\/uploads\/2022\/05\/20220202_Pero2030_WS1_slide-PIM.pdf\">Slide PIM<\/a> | <a href=\"https:\/\/polimi-it.zoom.us\/rec\/share\/q__8m-VH40ZlKwmoNANifE90RzWBSeKuTx88T8jQIpiC0ih2YGYMpbUiLlTPCvou.Fof0FpTeuB3K-NSH\">Registrazione evento Zoom<\/a> | <a href=\"https:\/\/www.areeproadattive.polimi.it\/wp-content\/uploads\/2022\/05\/20220202_Pero2030_WS1_Miro-Board-SWOT.pdf\" data-type=\"URL\" data-id=\"https:\/\/www.areeproadattive.polimi.it\/wp-content\/uploads\/2022\/05\/20220202_Pero2030_WS1_Miro-Board-SWOT.pdf\">SWOT<\/a> ]<\/p>\n\n\n\n<hr class=\"wp-block-separator\"\/>\n\n\n\n<p><strong>Workshop 2 <\/strong> (16 marzo 2022) : <strong>Co-progettazione delle soluzioni di mitigazione<\/strong> [ <a href=\"https:\/\/www.areeproadattive.polimi.it\/wp-content\/uploads\/2022\/05\/20220316_Pero2030_WS2_Report-sintetico.pdf\">Report<\/a>  | <a href=\"https:\/\/www.areeproadattive.polimi.it\/wp-content\/uploads\/2022\/05\/20220316_Pero2030_WS2_slide-Polimi.pdf\">Slide Polimi<\/a> ]<\/p>\n\n\n\n<hr class=\"wp-block-separator\"\/>\n\n\n\n<p><strong>Workshop 3 <\/strong>(13 aprile 2022): <strong>Co-progettazione delle soluzioni di adattamento<\/strong> [ <a href=\"https:\/\/www.areeproadattive.polimi.it\/wp-content\/uploads\/2022\/05\/20220413_Pero2030_WS3_Report-sintetico.pdf\">Report<\/a> | <a href=\"https:\/\/www.areeproadattive.polimi.it\/wp-content\/uploads\/2022\/05\/20220413_Pero2030_WS3_slide-Polimi.pdf\">Slide Polimi<\/a> | <a href=\"https:\/\/www.areeproadattive.polimi.it\/wp-content\/uploads\/2022\/05\/20220413_Pero2030_WS3_slide-ForestaMI.pdf\">Slide ForestaMI<\/a> ]<\/p>\n\n\n\n<p><\/p>\n\n\n\n<p><a href=\"https:\/\/www.areeproadattive.polimi.it\/?page_id=332\" data-type=\"page\" data-id=\"332\">Qui trovi pi\u00f9 informazioni in merito al living lab di Pero 2030 AP+A<\/a><\/p>\n\n\n\n<p><\/p>\n\n\n\n<p><\/p>\n","protected":false},"excerpt":{"rendered":"<p>Qui raccogliamo i materiali del percorso partecipativo Pero 2030 &#8211; Aree produttive Aree Proadattive svoltosi tra febbraio e aprile 2022. Al momento questa pagina \u00e8 solo ad uso interno dei partecipanti al percorso e verr\u00e0 resa pubblica a termine dei lavori. Workshop 1 (2 febbraio 2022): Co-progettazione delle soluzioni di sostenibilit\u00e0 e resilienza [ Report &hellip; <\/p>\n<p class=\"link-more\"><a href=\"https:\/\/www.areeproadattive.polimi.it\/?page_id=565\" class=\"more-link\">Continue reading<span class=\"screen-reader-text\"> &#8220;Pero 2030 &#8211; materiali del percorso collaborativo&#8221;<\/span><\/a><\/p>\n","protected":false},"author":2,"featured_media":0,"parent":0,"menu_order":0,"comment_status":"closed","ping_status":"closed","template":"","meta":{"footnotes":""},"class_list":["post-565","page","type-page","status-publish","hentry"],"_links":{"self":[{"href":"https:\/\/www.areeproadattive.polimi.it\/index.php?rest_route=\/wp\/v2\/pages\/565","targetHints":{"allow":["GET"]}}],"collection":[{"href":"https:\/\/www.areeproadattive.polimi.it\/index.php?rest_route=\/wp\/v2\/pages"}],"about":[{"href":"https:\/\/www.areeproadattive.polimi.it\/index.php?rest_route=\/wp\/v2\/types\/page"}],"author":[{"embeddable":true,"href":"https:\/\/www.areeproadattive.polimi.it\/index.php?rest_route=\/wp\/v2\/users\/2"}],"replies":[{"embeddable":true,"href":"https:\/\/www.areeproadattive.polimi.it\/index.php?rest_route=%2Fwp%2Fv2%2Fcomments&post=565"}],"version-history":[{"count":16,"href":"https:\/\/www.areeproadattive.polimi.it\/index.php?rest_route=\/wp\/v2\/pages\/565\/revisions"}],"predecessor-version":[{"id":596,"href":"https:\/\/www.areeproadattive.polimi.it\/index.php?rest_route=\/wp\/v2\/pages\/565\/revisions\/596"}],"wp:attachment":[{"href":"https:\/\/www.areeproadattive.polimi.it\/index.php?rest_route=%2Fwp%2Fv2%2Fmedia&parent=565"}],"curies":[{"name":"wp","href":"https:\/\/api.w.org\/{rel}","templated":true}]}}