{"id":29,"date":"2020-11-16T10:31:48","date_gmt":"2020-11-16T10:31:48","guid":{"rendered":"http:\/\/www.areeproadattive.polimi.it\/?page_id=29"},"modified":"2022-01-07T15:07:08","modified_gmt":"2022-01-07T15:07:08","slug":"living-lab","status":"publish","type":"page","link":"https:\/\/www.areeproadattive.polimi.it\/?page_id=29","title":{"rendered":"Living Lab"},"content":{"rendered":"\n<p>Il progetto prevede l&#8217;ideazione e lo svolgimento di <strong>percorsi di co-creazione<\/strong> delle soluzioni per i contesti produttivi attraverso la costituzione di <strong>living lab<\/strong> nei contesti locali. <\/p>\n\n\n\n<p>Le <a href=\"https:\/\/www.areeproadattive.polimi.it\/?page_id=195\" data-type=\"page\" data-id=\"195\">aree produttive del Comune di Trezzano s\/N<\/a> sono state scelte come caso pilota. Qui \u00e8 stato ideato e testato un <a href=\"https:\/\/www.areeproadattive.polimi.it\/?page_id=208\" data-type=\"page\" data-id=\"208\">percorso specifico e originale di progettazione collaborativa<\/a> tra aziende, ricerca, pubblica amministrazione e gruppi d&#8217;interesse locale. Una volta testato e verificato, il processo collaborativo sar\u00e0 successivamente promosso nei distretti produttivi e commerciali di altre realt\u00e0 di Citt\u00e0 metropolitana di Milano. <\/p>\n\n\n\n<p>Nel gennaio 2022 \u00e8 stata avviata una nuova collaborazione con il <a href=\"https:\/\/www.areeproadattive.polimi.it\/?page_id=332\" data-type=\"page\" data-id=\"332\">Comune di Pero<\/a> per l&#8217;attivazione di un living lab dedicato alle aree produttive e commerciali locali. Avremo modo di ripercorrere e aggiornare il percorso pilota di Trezzano s\/N al fine di rendere replicabile l&#8217;esperienza nei diversi contesti metropolitani.<\/p>\n\n\n\n<figure class=\"wp-block-image size-large\"><img loading=\"lazy\" decoding=\"async\" width=\"1024\" height=\"634\" src=\"https:\/\/www.areeproadattive.polimi.it\/wp-content\/uploads\/2020\/11\/codesign-1024x634.png\" alt=\"\" class=\"wp-image-90\" srcset=\"https:\/\/www.areeproadattive.polimi.it\/wp-content\/uploads\/2020\/11\/codesign-1024x634.png 1024w, https:\/\/www.areeproadattive.polimi.it\/wp-content\/uploads\/2020\/11\/codesign-300x186.png 300w, https:\/\/www.areeproadattive.polimi.it\/wp-content\/uploads\/2020\/11\/codesign-768x475.png 768w, https:\/\/www.areeproadattive.polimi.it\/wp-content\/uploads\/2020\/11\/codesign.png 1031w\" sizes=\"auto, (max-width: 706px) 89vw, (max-width: 767px) 82vw, 740px\" \/><\/figure>\n\n\n\n<hr class=\"wp-block-separator\"\/>\n\n\n\n<p>Per saperne di pi\u00f9:<\/p>\n\n\n\n<p><a href=\"https:\/\/www.areeproadattive.polimi.it\/?page_id=195\" data-type=\"page\" data-id=\"195\">Scopri il caso pilota di Trezzano SN<\/a><\/p>\n\n\n\n<p><a href=\"https:\/\/www.areeproadattive.polimi.it\/?page_id=208\" data-type=\"page\" data-id=\"208\">Scopri le attivit\u00e0 del living lab di Trezzano SN<\/a><\/p>\n\n\n\n<p><a href=\"https:\/\/www.areeproadattive.polimi.it\/?page_id=332\" data-type=\"page\" data-id=\"332\">Il living lab Pero 2030<\/a><\/p>\n\n\n\n<p><a href=\"https:\/\/www.areeproadattive.polimi.it\/?page_id=32\" data-type=\"page\" data-id=\"32\"><strong><span style=\"color:#95c11f\" class=\"has-inline-color\">Partecipa alle attivit\u00e0!<\/span><\/strong><\/a><\/p>\n\n\n\n<p><\/p>\n","protected":false},"excerpt":{"rendered":"<p>Il progetto prevede l&#8217;ideazione e lo svolgimento di percorsi di co-creazione delle soluzioni per i contesti produttivi attraverso la costituzione di living lab nei contesti locali. Le aree produttive del Comune di Trezzano s\/N sono state scelte come caso pilota. Qui \u00e8 stato ideato e testato un percorso specifico e originale di progettazione collaborativa tra &hellip; <\/p>\n<p class=\"link-more\"><a href=\"https:\/\/www.areeproadattive.polimi.it\/?page_id=29\" class=\"more-link\">Continue reading<span class=\"screen-reader-text\"> &#8220;Living Lab&#8221;<\/span><\/a><\/p>\n","protected":false},"author":2,"featured_media":0,"parent":0,"menu_order":0,"comment_status":"closed","ping_status":"closed","template":"","meta":{"footnotes":""},"class_list":["post-29","page","type-page","status-publish","hentry"],"_links":{"self":[{"href":"https:\/\/www.areeproadattive.polimi.it\/index.php?rest_route=\/wp\/v2\/pages\/29","targetHints":{"allow":["GET"]}}],"collection":[{"href":"https:\/\/www.areeproadattive.polimi.it\/index.php?rest_route=\/wp\/v2\/pages"}],"about":[{"href":"https:\/\/www.areeproadattive.polimi.it\/index.php?rest_route=\/wp\/v2\/types\/page"}],"author":[{"embeddable":true,"href":"https:\/\/www.areeproadattive.polimi.it\/index.php?rest_route=\/wp\/v2\/users\/2"}],"replies":[{"embeddable":true,"href":"https:\/\/www.areeproadattive.polimi.it\/index.php?rest_route=%2Fwp%2Fv2%2Fcomments&post=29"}],"version-history":[{"count":15,"href":"https:\/\/www.areeproadattive.polimi.it\/index.php?rest_route=\/wp\/v2\/pages\/29\/revisions"}],"predecessor-version":[{"id":345,"href":"https:\/\/www.areeproadattive.polimi.it\/index.php?rest_route=\/wp\/v2\/pages\/29\/revisions\/345"}],"wp:attachment":[{"href":"https:\/\/www.areeproadattive.polimi.it\/index.php?rest_route=%2Fwp%2Fv2%2Fmedia&parent=29"}],"curies":[{"name":"wp","href":"https:\/\/api.w.org\/{rel}","templated":true}]}}

<p>Il progetto prevede l&#8217;ideazione e lo svolgimento di <strong>percorsi di co-creazione</strong> delle soluzioni per i contesti produttivi attraverso la costituzione di <strong>living lab</strong> nei contesti locali. </p>



<p>Le <a href="https://www.areeproadattive.polimi.it/?page_id=195" data-type="page" data-id="195">aree produttive del Comune di Trezzano s/N</a> sono state scelte come caso pilota. Qui è stato ideato e testato un <a href="https://www.areeproadattive.polimi.it/?page_id=208" data-type="page" data-id="208">percorso specifico e originale di progettazione collaborativa</a> tra aziende, ricerca, pubblica amministrazione e gruppi d&#8217;interesse locale. Una volta testato e verificato, il processo collaborativo sarà successivamente promosso nei distretti produttivi e commerciali di altre realtà di Città metropolitana di Milano. </p>



<p>Nel gennaio 2022 è stata avviata una nuova collaborazione con il <a href="https://www.areeproadattive.polimi.it/?page_id=332" data-type="page" data-id="332">Comune di Pero</a> per l&#8217;attivazione di un living lab dedicato alle aree produttive e commerciali locali. Avremo modo di ripercorrere e aggiornare il percorso pilota di Trezzano s/N al fine di rendere replicabile l&#8217;esperienza nei diversi contesti metropolitani.</p>



<figure class="wp-block-image size-large"><img loading="lazy" decoding="async" width="1024" height="634" src="https://www.areeproadattive.polimi.it/wp-content/uploads/2020/11/codesign-1024x634.png" alt="" class="wp-image-90" srcset="https://www.areeproadattive.polimi.it/wp-content/uploads/2020/11/codesign-1024x634.png 1024w, https://www.areeproadattive.polimi.it/wp-content/uploads/2020/11/codesign-300x186.png 300w, https://www.areeproadattive.polimi.it/wp-content/uploads/2020/11/codesign-768x475.png 768w, https://www.areeproadattive.polimi.it/wp-content/uploads/2020/11/codesign.png 1031w" sizes="auto, (max-width: 706px) 89vw, (max-width: 767px) 82vw, 740px" /></figure>



<hr class="wp-block-separator"/>



<p>Per saperne di più:</p>



<p><a href="https://www.areeproadattive.polimi.it/?page_id=195" data-type="page" data-id="195">Scopri il caso pilota di Trezzano SN</a></p>



<p><a href="https://www.areeproadattive.polimi.it/?page_id=208" data-type="page" data-id="208">Scopri le attività del living lab di Trezzano SN</a></p>



<p><a href="https://www.areeproadattive.polimi.it/?page_id=332" data-type="page" data-id="332">Il living lab Pero 2030</a></p>



<p><a href="https://www.areeproadattive.polimi.it/?page_id=32" data-type="page" data-id="32"><strong><span style="color:#95c11f" class="has-inline-color">Partecipa alle attività!</span></strong></a></p>



<p></p>

<p>Il progetto prevede l&#8217;ideazione e lo svolgimento di percorsi di co-creazione delle soluzioni per i contesti produttivi attraverso la costituzione di living lab nei contesti locali. Le aree produttive del Comune di Trezzano s/N sono state scelte come caso pilota. Qui è stato ideato e testato un percorso specifico e originale di progettazione collaborativa tra &hellip; </p>
<p class="link-more"><a href="https://www.areeproadattive.polimi.it/?page_id=29" class="more-link">Continue reading<span class="screen-reader-text"> &#8220;Living Lab&#8221;</span></a></p>
