{"id":208,"date":"2021-03-03T07:40:47","date_gmt":"2021-03-03T07:40:47","guid":{"rendered":"http:\/\/www.areeproadattive.polimi.it\/?page_id=208"},"modified":"2021-11-11T10:20:18","modified_gmt":"2021-11-11T10:20:18","slug":"trezzano-sn-living-lab","status":"publish","type":"page","link":"https:\/\/www.areeproadattive.polimi.it\/?page_id=208","title":{"rendered":"Trezzano SN Living Lab"},"content":{"rendered":"\n<p>La<strong> co-creazione<\/strong> delle soluzioni progettuali, urbanistiche e di governance verso la concretizzazione di un nuovo modello di aree produttive pro-adattive e sostenibili richiede un approccio collaborativo. Insieme agli attori locali e le aziende faremo un percorso di confronto articolato in quattro incontri (workshop) da organizzarsi nella primavera\/estate 2021.<\/p>\n\n\n\n<figure class=\"wp-block-image size-large is-resized\"><img loading=\"lazy\" decoding=\"async\" src=\"https:\/\/www.areeproadattive.polimi.it\/wp-content\/uploads\/2021\/03\/APA_percorso-di-cocreazione-1024x411.jpg\" alt=\"\" class=\"wp-image-209\" width=\"642\" height=\"257\" srcset=\"https:\/\/www.areeproadattive.polimi.it\/wp-content\/uploads\/2021\/03\/APA_percorso-di-cocreazione-1024x411.jpg 1024w, https:\/\/www.areeproadattive.polimi.it\/wp-content\/uploads\/2021\/03\/APA_percorso-di-cocreazione-300x120.jpg 300w, https:\/\/www.areeproadattive.polimi.it\/wp-content\/uploads\/2021\/03\/APA_percorso-di-cocreazione-768x308.jpg 768w, https:\/\/www.areeproadattive.polimi.it\/wp-content\/uploads\/2021\/03\/APA_percorso-di-cocreazione.jpg 1303w\" sizes=\"auto, (max-width: 642px) 100vw, 642px\" \/><\/figure>\n\n\n\n<p><a href=\"https:\/\/forms.office.com\/Pages\/ResponsePage.aspx?id=K3EXCvNtXUKAjjCd8ope6x51hKskYaRApzjwBEoCQ91UNlFJT1MwSDdNQjBTODYwMkFOV1VKUEpKMS4u\" data-type=\"URL\" data-id=\"https:\/\/forms.office.com\/Pages\/ResponsePage.aspx?id=K3EXCvNtXUKAjjCd8ope6x51hKskYaRApzjwBEoCQ91UNlFJT1MwSDdNQjBTODYwMkFOV1VKUEpKMS4u\"><strong><span style=\"color:#95c11f\" class=\"has-inline-color\">Rappresenti un&#8217;azienda locale e sei interessato a partecipare alle attivit\u00e0? Clicca qui<\/span><\/strong><\/a><\/p>\n\n\n\n<p><strong>Workshop 1 &#8211; 27 aprile 2021&nbsp;<\/strong><\/p>\n\n\n\n<p>L\u2019obiettivo del primo incontro \u00e8 stato quello di conoscere le aziende e il territorio di Trezzano, evidenziando gli attuali punti di forza, i problemi, le opportunit\u00e0 e le barriere alla transizione verso la sostenibilit\u00e0 dei distretti produttivi interessati dal progetto. Il workshop si \u00e8 svolto online e, nonostante l\u2019impossibilit\u00e0 di applicare le metodiche proprie dei laboratori in presenza, le aziende si sono mostrate proattive nella costruzione dell\u2019analisi SWOT, supportate dal gruppo di lavoro del Politecnico. Di seguito gli esiti principali del primo incontro:&nbsp;<\/p>\n\n\n\n<ul class=\"wp-block-list\"><li>Comprensione del livello di consapevolezza su sostenibilit\u00e0 e mitigazione\/adattamento, problemi, azioni e loro effetti.<\/li><li>Individuazione di esigenze e interessi (espliciti\/impliciti) di informazione, conoscenza e formazione (competenze).<\/li><li>Prime indicazioni su risorse di resilienza dei soggetti coinvolti (organizzazione, pro-attivit\u00e0, capacit\u00e0 di risposta).<\/li><\/ul>\n\n\n\n<hr class=\"wp-block-separator\"\/>\n\n\n\n<p><strong>Workshop 2 &#8211; 28 maggio 2021<\/strong><\/p>\n\n\n\n<p>Il secondo incontro ha avuto come principale finalit\u00e0 quella di condividere tra gli stakeholders gli obiettivi generali per la transizione dei distretti produttivi verso la sostenibilit\u00e0. Propedeutica a questo, una breve indagine sul livello di conoscenza degli Obiettivi di Sviluppo Sostenibile (SDGs) da parte dei partecipanti, e un\u2019introduzione al tema. Da qui, la presentazione della \u201cDiagnosi SDGs\u201d dei distretti produttivi di Trezzano, ovvero la rilettura ragionata dei risultati dell\u2019analisi SWOT, precedentemente svolta, alla luce dell\u2019attuale o potenziale contributo di aziende e distretti al raggiungimento degli SDGs, utile a chiarire eventuali lacune rispetto a taluni Obiettivi.<\/p>\n\n\n\n<p>Grazie all\u2019attivit\u00e0 di instant poll, i partecipanti hanno poi potuto esprimere la loro preferenza rispetto agli obiettivi generali per la transizione verso la sostenibilit\u00e0 della propria azienda e del distretto. L\u2019incontro si \u00e8 concluso con una discussione finale sugli esiti del poll, temi di interesse emersi e relative implicazioni sugli SDGs.<\/p>\n\n\n\n<hr class=\"wp-block-separator\"\/>\n\n\n\n<p><strong>Workshop 3 &#8211; 27 luglio 2021&nbsp;&nbsp;<\/strong><\/p>\n\n\n\n<p>Definiti gli obiettivi generali di sostenibilit\u00e0 e i temi di interesse, il terzo Workshop ha avuto due finalit\u00e0 principali: valutare possibili soluzioni per conseguire gli obiettivi prioritari, e condividere azioni a livello di distretti produttivi. L\u2019incontro si \u00e8 svolto in presenza, e i partecipanti hanno lavorato in un vero e proprio atelier di co-design insieme al gruppo di ricerca in due tavoli di discussione, corrispondenti a due macro-aree territoriali di Trezzano sul Naviglio. Grazie a un set di \u201ccards\u201d relative a diverse soluzioni progettuali, i referenti delle aziende hanno potuto confrontarsi con&nbsp; il gruppo di ricerca e con i supporter del progetto (Citt\u00e0 metropolitana di Milano, Assolombarda e CAP Holding) circa la fattibilit\u00e0 di diverse azioni proposte sul territorio negli ambiti Energia, Clima, Ambiente costruito, Mobilit\u00e0, Rifiuti, Welfare e Benessere, per giungere infine a selezionare gli interventi favoriti e alcuni ambiti di lavoro prioritari. Durante le discussioni sono emerse \u201clive\u201d nuove proposte di intervento da sviluppare.&nbsp;<\/p>\n\n\n\n<hr class=\"wp-block-separator\"\/>\n\n\n\n<p><strong>Workshop 4 &#8211; 22 novembre 2021\u00a0\u00a0<\/strong><\/p>\n\n\n\n<p>L\u2019obiettivo del quarto e ultimo incontro \u00e8 quello di convergere su una strategia condivisa di riqualificazione dei luoghi della produzione, incentrata sulla valorizzazione del lavoro e sul potenziamento di percorsi di sostenibilit\u00e0 e adattamento ai cambiamenti climatici. In particolare si punta a individuare uno scenario progettuale condiviso dagli stakeholders e basato su forme di governance condivisa dei distretti produttivi. Verranno presentati, discussi e valutati diversi scenari basati su obiettivi, preferenze e necessit\u00e0 territoriali, emerse durante il percorso di co-creazione. Anche se sottese agli obiettivi discussi durante tutto il processo, le modalit\u00e0 di governance condivisa verranno in questo incontro esplicitate e discusse per implementare in modo efficace ed efficiente lo scenario scelto. Il progetto si pone infatti quale volano di sviluppo sostenibile delle aree produttive pro-adattive del domani.<\/p>\n","protected":false},"excerpt":{"rendered":"<p>La co-creazione delle soluzioni progettuali, urbanistiche e di governance verso la concretizzazione di un nuovo modello di aree produttive pro-adattive e sostenibili richiede un approccio collaborativo. Insieme agli attori locali e le aziende faremo un percorso di confronto articolato in quattro incontri (workshop) da organizzarsi nella primavera\/estate 2021. Rappresenti un&#8217;azienda locale e sei interessato a &hellip; <\/p>\n<p class=\"link-more\"><a href=\"https:\/\/www.areeproadattive.polimi.it\/?page_id=208\" class=\"more-link\">Continue reading<span class=\"screen-reader-text\"> &#8220;Trezzano SN Living Lab&#8221;<\/span><\/a><\/p>\n","protected":false},"author":2,"featured_media":0,"parent":0,"menu_order":0,"comment_status":"closed","ping_status":"closed","template":"","meta":{"footnotes":""},"class_list":["post-208","page","type-page","status-publish","hentry"],"_links":{"self":[{"href":"https:\/\/www.areeproadattive.polimi.it\/index.php?rest_route=\/wp\/v2\/pages\/208","targetHints":{"allow":["GET"]}}],"collection":[{"href":"https:\/\/www.areeproadattive.polimi.it\/index.php?rest_route=\/wp\/v2\/pages"}],"about":[{"href":"https:\/\/www.areeproadattive.polimi.it\/index.php?rest_route=\/wp\/v2\/types\/page"}],"author":[{"embeddable":true,"href":"https:\/\/www.areeproadattive.polimi.it\/index.php?rest_route=\/wp\/v2\/users\/2"}],"replies":[{"embeddable":true,"href":"https:\/\/www.areeproadattive.polimi.it\/index.php?rest_route=%2Fwp%2Fv2%2Fcomments&post=208"}],"version-history":[{"count":12,"href":"https:\/\/www.areeproadattive.polimi.it\/index.php?rest_route=\/wp\/v2\/pages\/208\/revisions"}],"predecessor-version":[{"id":324,"href":"https:\/\/www.areeproadattive.polimi.it\/index.php?rest_route=\/wp\/v2\/pages\/208\/revisions\/324"}],"wp:attachment":[{"href":"https:\/\/www.areeproadattive.polimi.it\/index.php?rest_route=%2Fwp%2Fv2%2Fmedia&parent=208"}],"curies":[{"name":"wp","href":"https:\/\/api.w.org\/{rel}","templated":true}]}}

<p>La<strong> co-creazione</strong> delle soluzioni progettuali, urbanistiche e di governance verso la concretizzazione di un nuovo modello di aree produttive pro-adattive e sostenibili richiede un approccio collaborativo. Insieme agli attori locali e le aziende faremo un percorso di confronto articolato in quattro incontri (workshop) da organizzarsi nella primavera/estate 2021.</p>



<figure class="wp-block-image size-large is-resized"><img loading="lazy" decoding="async" src="https://www.areeproadattive.polimi.it/wp-content/uploads/2021/03/APA_percorso-di-cocreazione-1024x411.jpg" alt="" class="wp-image-209" width="642" height="257" srcset="https://www.areeproadattive.polimi.it/wp-content/uploads/2021/03/APA_percorso-di-cocreazione-1024x411.jpg 1024w, https://www.areeproadattive.polimi.it/wp-content/uploads/2021/03/APA_percorso-di-cocreazione-300x120.jpg 300w, https://www.areeproadattive.polimi.it/wp-content/uploads/2021/03/APA_percorso-di-cocreazione-768x308.jpg 768w, https://www.areeproadattive.polimi.it/wp-content/uploads/2021/03/APA_percorso-di-cocreazione.jpg 1303w" sizes="auto, (max-width: 642px) 100vw, 642px" /></figure>



<p><a href="https://forms.office.com/Pages/ResponsePage.aspx?id=K3EXCvNtXUKAjjCd8ope6x51hKskYaRApzjwBEoCQ91UNlFJT1MwSDdNQjBTODYwMkFOV1VKUEpKMS4u" data-type="URL" data-id="https://forms.office.com/Pages/ResponsePage.aspx?id=K3EXCvNtXUKAjjCd8ope6x51hKskYaRApzjwBEoCQ91UNlFJT1MwSDdNQjBTODYwMkFOV1VKUEpKMS4u"><strong><span style="color:#95c11f" class="has-inline-color">Rappresenti un&#8217;azienda locale e sei interessato a partecipare alle attività? Clicca qui</span></strong></a></p>



<p><strong>Workshop 1 &#8211; 27 aprile 2021&nbsp;</strong></p>



<p>L’obiettivo del primo incontro è stato quello di conoscere le aziende e il territorio di Trezzano, evidenziando gli attuali punti di forza, i problemi, le opportunità e le barriere alla transizione verso la sostenibilità dei distretti produttivi interessati dal progetto. Il workshop si è svolto online e, nonostante l’impossibilità di applicare le metodiche proprie dei laboratori in presenza, le aziende si sono mostrate proattive nella costruzione dell’analisi SWOT, supportate dal gruppo di lavoro del Politecnico. Di seguito gli esiti principali del primo incontro:&nbsp;</p>



<ul class="wp-block-list"><li>Comprensione del livello di consapevolezza su sostenibilità e mitigazione/adattamento, problemi, azioni e loro effetti.</li><li>Individuazione di esigenze e interessi (espliciti/impliciti) di informazione, conoscenza e formazione (competenze).</li><li>Prime indicazioni su risorse di resilienza dei soggetti coinvolti (organizzazione, pro-attività, capacità di risposta).</li></ul>



<hr class="wp-block-separator"/>



<p><strong>Workshop 2 &#8211; 28 maggio 2021</strong></p>



<p>Il secondo incontro ha avuto come principale finalità quella di condividere tra gli stakeholders gli obiettivi generali per la transizione dei distretti produttivi verso la sostenibilità. Propedeutica a questo, una breve indagine sul livello di conoscenza degli Obiettivi di Sviluppo Sostenibile (SDGs) da parte dei partecipanti, e un’introduzione al tema. Da qui, la presentazione della “Diagnosi SDGs” dei distretti produttivi di Trezzano, ovvero la rilettura ragionata dei risultati dell’analisi SWOT, precedentemente svolta, alla luce dell’attuale o potenziale contributo di aziende e distretti al raggiungimento degli SDGs, utile a chiarire eventuali lacune rispetto a taluni Obiettivi.</p>



<p>Grazie all’attività di instant poll, i partecipanti hanno poi potuto esprimere la loro preferenza rispetto agli obiettivi generali per la transizione verso la sostenibilità della propria azienda e del distretto. L’incontro si è concluso con una discussione finale sugli esiti del poll, temi di interesse emersi e relative implicazioni sugli SDGs.</p>



<hr class="wp-block-separator"/>



<p><strong>Workshop 3 &#8211; 27 luglio 2021&nbsp;&nbsp;</strong></p>



<p>Definiti gli obiettivi generali di sostenibilità e i temi di interesse, il terzo Workshop ha avuto due finalità principali: valutare possibili soluzioni per conseguire gli obiettivi prioritari, e condividere azioni a livello di distretti produttivi. L’incontro si è svolto in presenza, e i partecipanti hanno lavorato in un vero e proprio atelier di co-design insieme al gruppo di ricerca in due tavoli di discussione, corrispondenti a due macro-aree territoriali di Trezzano sul Naviglio. Grazie a un set di “cards” relative a diverse soluzioni progettuali, i referenti delle aziende hanno potuto confrontarsi con&nbsp; il gruppo di ricerca e con i supporter del progetto (Città metropolitana di Milano, Assolombarda e CAP Holding) circa la fattibilità di diverse azioni proposte sul territorio negli ambiti Energia, Clima, Ambiente costruito, Mobilità, Rifiuti, Welfare e Benessere, per giungere infine a selezionare gli interventi favoriti e alcuni ambiti di lavoro prioritari. Durante le discussioni sono emerse “live” nuove proposte di intervento da sviluppare.&nbsp;</p>



<hr class="wp-block-separator"/>



<p><strong>Workshop 4 &#8211; 22 novembre 2021  </strong></p>



<p>L’obiettivo del quarto e ultimo incontro è quello di convergere su una strategia condivisa di riqualificazione dei luoghi della produzione, incentrata sulla valorizzazione del lavoro e sul potenziamento di percorsi di sostenibilità e adattamento ai cambiamenti climatici. In particolare si punta a individuare uno scenario progettuale condiviso dagli stakeholders e basato su forme di governance condivisa dei distretti produttivi. Verranno presentati, discussi e valutati diversi scenari basati su obiettivi, preferenze e necessità territoriali, emerse durante il percorso di co-creazione. Anche se sottese agli obiettivi discussi durante tutto il processo, le modalità di governance condivisa verranno in questo incontro esplicitate e discusse per implementare in modo efficace ed efficiente lo scenario scelto. Il progetto si pone infatti quale volano di sviluppo sostenibile delle aree produttive pro-adattive del domani.</p>
